
33629
Suppose 5*w = -f + 47, -5*w + 57 = 5*f + 2. Suppose 18*h = -w*h + 9774. What are the prime factors of h?
2, 181
Let o = 121 + -115. Suppose -o*s + 92 = 62. Suppose -5*t = 5*u + s - 1235, 4*u - 5*t - 1020 = 0. List the prime factors of u.
2, 5
Suppose 4*t + 4*x - 16064 = 0, 3*x + 8032 = -7*t + 9*t. List the prime factors of t.
2, 251
Let m(u) = 7*u**2 - 17*u + 19. Suppose -32 = -1150*x + 1154*x. What are the prime factors of m(x)?
3, 67
Let q(a) = 42*a**2 + 23*a - 261. What are the prime factors of q(14)?
8293
Let k(u) = -4*u - 4. Let s(d) = -d - 3. Let n(w) = 2*k(w) - 6*s(w). Suppose 3 = -5*v + 4*f - 1, -4*v + 2*f = 2. List the prime factors of n(v).
2, 5
Let c(y) = y**3 - 22*y**2 - 2*y + 8. Let b be c(11). List the prime factors of 0 + (-6)/14 + b/(-35).
2, 19
Suppose k - 36695 = -2*p, 4*p - 73385 = -305*k + 308*k. List the prime factors of p.
7, 2621
Let q(l) = 343*l**2 + 25*l - 20. Let a(h) = 2*h**2 - 3. Let c(p) = -6*a(p) + q(p). List the prime factors of c(1).
2, 3, 59
Suppose 6*x + 24*x = -6*x + 235764. What are the prime factors of x?
3, 37, 59
Let s(x) = 2*x - 31. Let i be s(18). Suppose -5*u + 0*u = -i. Let w(b) = 112*b - 3. List the prime factors of w(u).
109
Suppose -1506 = -2*n + 5*p, -n + 762 = -7*p + 9*p. Let h = -247 + n. List the prime factors of h.
7, 73
Suppose -3*i + 8*i + 26920 = m, 2*i + 107626 = 4*m. List the prime factors of m.
5, 5381
Let u = -181 - -62. Let g = -57 - u. Suppose -2*d - g = -2*v + 2*d, -2*v - 2*d + 38 = 0. List the prime factors of v.
23
List the prime factors of ((-506)/230)/((-1)/16750).
2, 5, 11, 67
Suppose 11*j + 116 + 335 = 0. What are the prime factors of -4*1 - 5986/j?
2, 71
Suppose 19575 = 3*x + 4*b, x + 5*b = -0*b + 6536. Suppose -2149 = -10*o + x. List the prime factors of o.
3, 17
Let y = -10897 - -18971. What are the prime factors of y?
2, 11, 367
Suppose 167 + 293 = -q. Let f = 652 + q. List the prime factors of f.
2, 3
Let h = -57006 + 110820. List the prime factors of h.
2, 3, 8969
Let p(h) = 120 + 111 - 2*h + 7. List the prime factors of p(-33).
2, 19
Let s(a) = 753*a**3 - 8*a**2 + 2*a - 1. Let m(b) = -1505*b**3 + 17*b**2 - 4*b + 3. Let r(u) = 2*m(u) + 5*s(u). What are the prime factors of r(1)?
2, 47
Suppose 4*n - 442 = q, 2*q - 9*n + 6*n = -869. Let d = q - -556. What are the prime factors of d?
2, 3, 7
Let r(a) = 10*a**2 + 8*a - 4. Let f = 72 - 71. Let d be 8 + (0 - 8) - 4*f. List the prime factors of r(d).
2, 31
Let v(j) = -4292*j**3 - 2*j**2 - 2*j + 3. List the prime factors of v(-1).
5, 859
Suppose -27*i = -53892 - 282312. What are the prime factors of i?
2, 11, 283
What are the prime factors of (176/(-312) - 54/(-234)) + (-138392)/(-6)?
5, 7, 659
Suppose -104 = -5*w + 2*i - 277, 4*i + 50 = -2*w. Suppose -a + 51 + 11 = 0. Let x = a - w. List the prime factors of x.
5, 19
Let m(t) = -4*t**2 + 178*t + 60. Let w be m(44). Suppose -2*b = -3*s - w, 0 = -2*b + 8*s - 12*s + 162. List the prime factors of b.
7, 11
Suppose -12*q + 598 = -11*q. Let g = -130 + q. What are the prime factors of g?
2, 3, 13
Let q be (-2 + 3 + -4)*-1. Suppose -55 + 280 = q*y. Let s = y - 54. What are the prime factors of s?
3, 7
Let b be (-4 - (-35)/5) + -4. Let r be (b + -4)*(-8)/(8/(-1)). List the prime factors of (-166)/(-3)*(r - (-12 - -4)).
2, 83
Let n be 3 + (-54)/(-2)*(4 + -18). Let g = n - -745. What are the prime factors of g?
2, 5, 37
Let x(l) = -11*l**2 - 16*l - 21. Let i be x(9). Let u = -479 - i. What are the prime factors of u?
577
Suppose 13*d - 7*d = -582. Let k = 93 - d. List the prime factors of k.
2, 5, 19
What are the prime factors of 74 + -69 - (0/2 - 17946)?
29, 619
Suppose -1215*n = -1207*n + 8. Let g(q) = 122*q**2 - 3*q + 3. Let l(m) = -123*m**2 + 3*m - 2. Let o(i) = -4*g(i) - 5*l(i). List the prime factors of o(n).
2
Let t(d) = -101*d - 81. Let x be t(-17). Suppose -1636 = -c + 4*j, -18*j = -c - 20*j + x. List the prime factors of c.
2, 409
Suppose x = 5*c + 1593, 0 = 89*x - 86*x - 4*c - 4790. What are the prime factors of x?
2, 17, 47
Let z(u) = 271*u**2 - 53*u + 300. What are the prime factors of z(6)?
2, 3, 541
Let f(s) = -13*s + 70. Let o be f(5). List the prime factors of 392/490 - (-5636)/o.
2, 3, 47
Suppose -18*w + 8211 = -25*w. Let g = 1686 + w. What are the prime factors of g?
3, 19
Let o = 1262 + -2502. Let g = -631 - o. What are the prime factors of g?
3, 7, 29
Suppose -m + 18596 = 3*x, -x - 3*m = 2*m - 6180. Suppose -51*b + 20*b = -x. What are the prime factors of b?
2, 5
Suppose 9*s + 882 = 2*s. Let v = s + 216. List the prime factors of v/7*(-210)/(-45).
2, 3, 5
Suppose 5*y + 36 = -4*o, 5*y + 6*o - 3*o + 32 = 0. Let u(m) = 3*m - 5 + 1 - 7*m + 7. List the prime factors of u(y).
19
Let i = -622 - -950. Let u be (-10)/5*(-6)/(-3) - -153. Let x = i - u. List the prime factors of x.
179
Suppose 17 = z - 2*b, -4*z + 47 = 2*b - 71. Let v = 33 - z. Suppose -4*j = n - 102, n - v*j = -3*j + 116. What are the prime factors of n?
2, 5, 11
Let m = -9159 - -15701. What are the prime factors of m?
2, 3271
Suppose -5*p + 25 = 50, 5*p = -w + 1924. What are the prime factors of w?
1949
Suppose -2*x = 2*x - 32. Suppose 4*w = x*w - 188. Suppose 2*g - w = -k - 0*k, -5*g = 20. What are the prime factors of k?
5, 11
Let z(v) = v**3 + 11*v**2 + 2*v + 11. Suppose 119 = -21*g - 28. List the prime factors of z(g).
193
Let h(l) = l - 3. Let o be 2/((-8)/5 + 2). Let y be h(o). Suppose -42 = -v + y*g, 3*v + 2*g + 0*g = 134. List the prime factors of v.
2, 11
Let y = 0 - -4. Let g = -1565 + 1568. Suppose 260 = y*d - 4*p, 2*p = g*p - 5. What are the prime factors of d?
2, 5, 7
List the prime factors of 4156*(-10 + 10 + 1).
2, 1039
Let m(x) = 279*x + 3789. What are the prime factors of m(69)?
2, 3, 5
List the prime factors of (0 - 81710)*(574/20 + -29).
3, 8171
Let r = 9098 - 2261. Suppose -28323 - r = -24*j. What are the prime factors of j?
5, 293
Let u = 704 - 1045. Let r = 62 - u. What are the prime factors of r?
13, 31
Suppose -3*j = -o + 1827, j - 2*o + 609 = 2*o. List the prime factors of 13 - 10 - (j + -4).
2, 7, 11
Suppose 4*v = -2*r + 2116, -3*v + 6*v - 5*r - 1561 = 0. Let n = 624 - v. List the prime factors of n.
97
Suppose -38*v + 157724 = -159082. What are the prime factors of v?
3, 7, 397
Let x(m) = -m**3 + 5*m**2 - 2*m - 2. Let s be x(3). Suppose -s*f - 1714 = -5424. Suppose 5*w = -0*w + b + 475, 0 = 4*w + b - f. List the prime factors of w.
2, 47
Let o = -38361 - -66556. List the prime factors of o.
5, 5639
Suppose 20836 = -10*w + 112366. List the prime factors of w.
3, 113
Let h = -65 + 65. Let d be 3 + h - (0/(-6) - 73). Let o = d - 27. List the prime factors of o.
7
Let h(j) = -j**3 + 7*j**2 - 3*j - 4. Let w be h(6). Suppose 2*m = w*m - 4272. What are the prime factors of m?
2, 89
Let m(v) = -v**3 + 15*v**2 - 27*v - 1. Let l be m(12). Suppose -86 = l*z - 108*z. What are the prime factors of z?
2, 43
Let q(g) = 3*g - 12. Suppose -3*p - 10 = -5*p. Let w be q(p). Suppose t - 92 = -w*a, 0 = 4*a - 10 - 10. What are the prime factors of t?
7, 11
Suppose 0 = 3*x + 12, -3*w + 6*w - 5104 = 4*x. Suppose k - 4 = 0, -u + w + 53 = 3*k. What are the prime factors of u?
3, 193
Let f be (-5 - -45)/5 - 3/3. Suppose -f*v - 7 = -0. What are the prime factors of 3/6*(51 + v)?
5
Let z = -11054 + 17836. What are the prime factors of z?
2, 3391
Let j = 0 - -2. Suppose -2*v = j*n - 88, 0 = -9*n + 7*n + 4*v + 118. Let y = n + 16. What are the prime factors of y?
5, 13
Let f be -5 - -4*165/(-5). Suppose -4*i - i + 1540 = 0. Let m = f + i. List the prime factors of m.
3, 19
Let y(q) be the first derivative of -q**2/2 - q + 10. Let c(k) = 18*k - 8. Let l(r) = c(r) - 3*y(r). What are the prime factors of l(4)?
79
Let y(g) = -17*g + 18. Let x be y(10). Let o = 651 + -385. Let p = x + o. What are the prime factors of p?
2, 3, 19
Let d = 261 + -2. Let x = d + 177. List the prime factors of x.
2, 109
What are the prime factors of (-235025)/(-133) - (-4)/(-38)?
3, 19, 31
Let h = -82 - -89. Let w = 30 - h. Suppose 6*i - 131 = -w. List the prime factors of i.
2, 3
Let k be (-26)/91 + 485/7. Suppose -16 = 4*x, -3*d + x + 2*x = -k. Suppose 2*u - d = 61. What are the prime factors of u?
2, 5
Let w(n) = 5*n - 28. Let j be w(6). List the prime factors of (-69)/12*38*(j - 4).
19, 23
Suppose -1106 = -16*l + 13806. Let p 